at are the prime factors of ((-362626)/(-636))/((-4)/(-72))?
3, 11, 311
Let v = 12658 + -2100. What are the prime factors of v?
2, 5279
Let l(n) = 2845*n - 409. What are the prime factors of l(4)?
3, 23, 53
Let l(a) be the third derivative of 19*a**4/12 - 107*a**3/6 + 2*a**2 + 84. List the prime factors of l(15).
463
What are the prime factors of 54647 + -7 - 39/(-6)*-2?
3, 131, 139
Let v = 13 - 13. Let f(i) = i**2 - 24*i + 29. Let q be f(24). Suppose q*d - 31*d + 138 = v. What are the prime factors of d?
3, 23
Let s = -87 + 93. Let b be (-4)/s - (14056/(-12))/2. Suppose 0 = 3*m - 3*p - b, -m + 601 = 2*m + p. List the prime factors of m.
199
Suppose 0 = 158*m - 162*m + 248. Suppose -4*k + x + m = 0, 2*k = 4*k + 3*x - 38. What are the prime factors of k?
2
Suppose -6*x = 1424 - 3674. Let j = -56 + x. Suppose -o - h = -53, -5*o - h + j = 62. What are the prime factors of o?
3, 17
Let r = 5625 - 4010. Suppose -1609*y - 1038 = -r*y. What are the prime factors of y?
173
What are the prime factors of 6884 - (-18)/(-24)*-4?
71, 97
Let t(k) = -k**3 - 64*k**2 + 63*k - 1057. What are the prime factors of t(-66)?
13, 269
Suppose -2*q = -3*o - 6*q + 89, -41 = -2*o + q. Suppose 7344 = 40*h - o*h. What are the prime factors of h?
2, 3
Suppose 36*d - 7*d - 674337 = 0. What are the prime factors of d?
3, 23, 337
Let x = 13 + -37. Let n be -8*6/x*9/(-2). List the prime factors of (-27)/n - (0 + -9).
2, 3
Suppose -35*h = 30*h - 1501686 - 1297409. What are the prime factors of h?
43063
Suppose -35*g = -32*g - 30. What are the prime factors of 918/g - 25/(-125)?
2, 23
Suppose -3*p + 172 = -5*j, -3*j - 53 = -p + 11. Suppose p*h = 53*h - 1472. List the prime factors of h.
2, 23
What are the prime factors of ((96/128)/((-6)/4))/(1/(-138558))?
3, 7, 3299
What are the prime factors of -2 - (12154 - -41)*((-8)/(-5))/(-4)?
2, 23, 53
Let i be (-8)/2*1*12. Suppose 237 = -4*a + 4*d - 243, 4*a + 480 = 2*d. What are the prime factors of a/i*(-2)/10*-268?
2, 67
Let c = -19995 + 48965. List the prime factors of c.
2, 5, 2897
What are the prime factors of ((-820)/80 + 23)*2588?
3, 17, 647
Let y(p) = p**3 + 30*p**2 + 30*p - 73. Let a be y(-29). What are the prime factors of (a/(-68))/(1/562)?
3, 281
Suppose 2*d = 2*c - 9916, c + 8*d = 5191 - 197. List the prime factors of c.
2, 3, 827
Suppose -32*o + 2 = 2. What are the prime factors of o - 273/14*28/(-6)?
7, 13
Let y = 120 - 129. List the prime factors of (-583)/(-3) + -15*1/y.
2, 7
Suppose 0 = -48*y + 8*y + 80. Suppose 0 = 5*j - y*j - 420. What are the prime factors of j?
2, 5, 7
Suppose -z = -5*s - 1374 + 3798, 3*s + 5*z = 1460. What are the prime factors of s?
5, 97
List the prime factors of -41 + 6966 + 1*9.
2, 3467
Suppose v + 74*f - 78*f = 31894, -2*v = -2*f - 63752. What are the prime factors of v?
2, 5, 3187
Let r be (12/20)/((12/15)/4). Suppose 0 = -3*x - r*x - 1698. Let n = x - -401. List the prime factors of n.
2, 59
Let c(s) = s**2 - 10*s - 7. Let n be c(10). Let f = n + 10. List the prime factors of -3*f*(1 - (-242)/(-18)).
2, 7
Let y = -127 - -9. Let a be y/(((-1)/10)/(21/14)). List the prime factors of 6/(-39) - a/(-13).
2, 17
Let x be (1 - 0)/((-6)/(-2382)). Let k = 882 - x. What are the prime factors of k/7 + 10/(-35)?
3, 23
Let z(k) = k**2 - 4*k - 9. Let n be z(-3). Let q be (16/n)/((-3)/1296). List the prime factors of q/(-9) - -1*2.
2, 3, 11
Suppose -9 = -7*k - 2. What are the prime factors of k*(-422)/(-3)*3?
2, 211
Suppose -5*x + 11593 = 2*j, -45*j + 40*j + 4633 = 2*x. Suppose -i = -3*m + 1877 + x, -2*m = i - 2794. List the prime factors of m.
2, 3, 233
Let w(g) = 7*g**3 + 9*g**2 + 36*g - 2. Let p(i) = 6*i**3 + 10*i**2 + 34*i - 1. Let x(n) = 6*p(n) - 5*w(n). What are the prime factors of x(-10)?
2, 3, 11
Let l = 5606 - 3174. Suppose 48*n - l = 40*n. List the prime factors of n.
2, 19
Let h(g) = -g**2 + 8*g + 13. Let f be h(-13). Let k = 21 - f. List the prime factors of k.
281
Let d be (-36)/60*((-5 - 1) + 1). Suppose -3*a + 1245 = d*o, 2*a - 1021 + 188 = -3*o. What are the prime factors of a?
2, 103
What are the prime factors of (6 + 250/8)*36?
3, 149
Suppose -42*s = -1255080 - 205344. What are the prime factors of s?
2, 8693
Suppose l - 1663 = -2*n, 4*l + 1767 = 3*n - 700. Suppose 3467 = 4*r - n. What are the prime factors of r?
2, 3, 179
What are the prime factors of ((-1096)/(-24) - 7)/((-2)/4392*-6)?
2, 29, 61
Let f(g) = g**3 + 11*g**2 + 9*g - 6. Let r(q) = 10 - 20 + 8 - q. Let b be r(8). List the prime factors of f(b).
2
Let c(o) = 8*o - 11. Let b be c(1). List the prime factors of ((-9 - b) + 4)*7236/(-8).
3, 67
List the prime factors of ((-6)/(-8))/(11 + (-215375)/19580).
3, 11, 89
Let d = -3134 + 6659. What are the prime factors of d?
3, 5, 47
Let t = 494 + 188. Suppose 793 = 5*y - t. List the prime factors of y.
5, 59
Suppose -5*i - 30 + 5 = 0. Let m(u) = -4*u**2 + 6*u - 1. Let s(l) = l**2 + l - 1. Let n(j) = -m(j) + s(j). List the prime factors of n(i).
2, 3, 5
List the prime factors of (-30697)/((1/9)/(99/(-891))).
30697
Let r(v) = 147*v + 52. List the prime factors of r(1).
199
Let a(s) = -s**3 + 110*s + 179. List the prime factors of a(-28).
19051
Let o(j) = 4*j + 11. Let d be o(6). Suppose 48*m - 53*m = -d. Suppose m*p - p = 906. List the prime factors of p.
151
Suppose 7*g - 2695 = -0*g. Suppose 7*a = 2*a - v + g, 3*a + v - 229 = 0. What are the prime factors of (-72)/(-27)*a/4?
2, 13
Suppose 65*r - 34*r - 511097 = 0. List the prime factors of r.
16487
Suppose 0 = -s - 3*k - 84, -88 = s - 8*k + 7*k. Let m be (-82)/5*-5*3. Let b = m + s. List the prime factors of b.
3, 53
Let n(w) = w**3 + 2*w**2 + 3*w + 4. Let u be n(-2). List the prime factors of u/(3/2781*-6).
3, 103
Suppose -2*m + 8 + 6 = 0. Suppose -11*u + m*u + 724 = 0. Let x = u + -84. What are the prime factors of x?
97
Suppose -5*l = 2*b - 132, -2*l - 6*b + 57 = -b. Let r(h) = -2*h**2 + 59*h - 3. What are the prime factors of r(l)?
179
Suppose 0 = -4*u + 2*u - 154. Let o = u + 47. Let b = 71 + o. What are the prime factors of b?
41
Let o(g) = 14*g**3 - 6*g**2 - 8*g + 8. Let l(q) = q**3 - q**2 - q + 1. Let f(t) = -10*l(t) + o(t). Let b be f(-3). List the prime factors of 0 + (b/(-2) - -3).
43
Suppose 0 = -g + q + 2036, 2*g - 1391 = -5*q + 2660. What are the prime factors of g?
19, 107
Suppose 0 = 4*b - 10 - 6, -c = -b + 26. Let q = 46 + c. What are the prime factors of 1122/5 + q/(-60)?
2, 7
Let h be (7 - 7)/(-1 + 0). Suppose -3*p + 4*t + 1047 = h, 548 = 3*p + 2*t - 481. What are the prime factors of p?
3, 5, 23
Let w be (-2 - 66/(-14)) + 4/14. Suppose -3*n + 9 = 3*q, 3*n + 0*n - w*q = 27. Suppose -17*c + n*c + 1034 = 0. What are the prime factors of c?
2, 47
Suppose -640*a + 2726178 = -7811515 - 23476387. What are the prime factors of a?
53147
Let w = 157 + -60. Suppose -65 - w = -3*z. What are the prime factors of z?
2, 3
Let n = 41 + -71. Let x = 1204 - 1241. Let r = n - x. List the prime factors of r.
7
Let b = -24 + 55. Let k(f) = -5 + 12*f - b*f + 8*f**2 + 3 + 4*f. What are the prime factors of k(6)?
2, 7
Let p(y) = y**2 + 18*y - 9. Let h be p(-10). Let i = -175 - h. Let q = i - -226. List the prime factors of q.
2, 5, 7
Let l = 40460 - 39822. List the prime factors of l.
2, 11, 29
Suppose -89*v + 90*v + 2 = 0. List the prime factors of 2*(0/1 - 1169/v).
7, 167
Let l be -3 + ((-26194)/(-7))/(1 + 1). Suppose -4*z = 4*g - l, 4*z + z + g - 2339 = 0. What are the prime factors of z?
2, 3, 13
Suppose -6*u - 22 = 5*u. List the prime factors of (u/(-6))/((-28)/(-8904)).
2, 53
Suppose 0 = 89*z - 102*z + 128037. List the prime factors of z/18 + 9/(-54).
547
Let x = 183 + -177. Suppose 4*k + 5*n = 2829, -1 + x = n. List the prime factors of k.
701
Let y = -93 + 65. Let p = 21 + y. Let s(b) = 2*b**2 + 7*b - 5. List the prime factors of s(p).
2, 11
Let g(a) be the second derivative of -2*a**3 + 11*a**2/2 + 175*a. List the prime factors of g(-10).
131
Suppose 2*g + 1 = -3. Let a be g/(3/2 + -2). List the prime factors of ((a - -379) + -1)/2.
191
Let a be (1*3)/(7*9/105). Suppose a*w - 4*j = 16, -2*w = -j - 2*j - 5. Suppose -898 = -w*k - 5*p, 0 = -3*k - 2*k + 2*p + 1139. What are the prime factors of k?
227
Let w(n) = -37*n + 13419. What are the prime factors of w(-5)?
2, 19, 179
Let k(r) = 27*r**2 + 26*r - 322. List the prime factors o